/(10/(-2) + 6))/(-1). What is the greatest common divisor of w and q?
11
Let o(l) = -l**3 - 13*l**2 - 19*l - 9. Let i be o(-13). Suppose -103 - 37 = -5*t. What is the greatest common divisor of i and t?
14
Let h = -13 + 181. Let w be (((-42)/15)/(-7))/((-1)/5). Let o be w/10 + 12/(-240)*-424. Calculate the highest common factor of h and o.
21
Suppose -b + 1 = 39. Let g be (-112*6 - 3)/(57/b). Calculate the greatest common divisor of 18 and g.
18
Suppose 5*d - 9*p + 12*p = 3439, d = -3*p + 683. Let n = 861 - d. What is the highest common factor of n and 215?
43
Suppose -900 = -30*h - 60*h. What is the greatest common factor of h and 730?
10
Suppose -62 = 6*o - 38. Let j(d) = -11*d + 8. Let f be j(o). Let l = 5 - -8. What is the highest common divisor of l and f?
13
Let p be (((-10)/4)/5)/((-12)/(89*216)). What is the highest common divisor of 18 and p?
9
Let r = 458 + -379. Let o = 11 + r. Calculate the highest common divisor of 40 and o.
10
Let h = -169 - -170. Suppose 0 = -2*f + q - 2*q - h, -5*f + q + 8 = 0. Calculate the greatest common factor of f and 27.
1
Let h be (-8)/10 - (-193)/((-66585)/(-4416)). Suppose -v + 4*w - 280 = -3*v, -5*w + 680 = 5*v. Calculate the greatest common divisor of v and h.
12
Let l = -620 + 842. Calculate the greatest common divisor of 1258 and l.
74
Suppose -2*g + 20*z + 596 = 19*z, 1194 = 4*g - z. Calculate the greatest common divisor of g and 345.
23
Let u = -44 + 47. Suppose 5*l = u*l + 2*p - 8, 4 = -4*l - 2*p. Let w(b) = b**2 + 7*b + 13. Let k be w(l). Calculate the highest common factor of k and 1.
1
Let v = 517 + -157. Suppose -2754 + v = -9*l. Calculate the greatest common factor of 42 and l.
14
Let s(t) = -90*t + 29. Suppose 5*i + 21 = -3*u - 15, 2*i + 2 = 5*u. Let c be s(i). Suppose -3*f = -c + 83. What is the greatest common factor of f and 18?
18
Let o(i) = -23*i**2 + i - 14. Let x be o(-5). Let n be x/8*-4*12/18. Calculate the greatest common divisor of 22 and n.
22
Suppose 2*s + 12*o - 8*o = -6, -2*s - 5*o = 8. Let z be (116/8 - s)*(-120)/(-9). Calculate the highest common divisor of z and 40.
20
Let l(q) = q**3 - 8*q**2 + 7*q + 16. Suppose -2*f = -2*w + 22, -w + 10 + 17 = -5*f. Let a be l(w). Calculate the greatest common divisor of 224 and a.
16
Let i be 1/(-12)*-3*12. Suppose -i*u = -46 - 68. Let w(d) = d**2 + 13*d - 11. Let o be w(-15). Calculate the greatest common factor of u and o.
19
Let v = -486120 - -486158. Suppose d + 5*l = 6*d - 120, 0 = 5*l + 25. What is the highest common divisor of v and d?
19
Let x be 1/(1*(-9)/(-8280)). What is the greatest common divisor of x and 30?
10
Suppose 48 - 15 = 3*l. Let f(v) = 14*v - 105. Let g be f(-20). Let h = 484 + g. Calculate the greatest common factor of l and h.
11
Suppose b + 5*t = 684, -4*b + 1130*t - 1124*t = -2814. What is the highest common divisor of 12116 and b?
233
Suppose -312*u + 280*u + 96224 = 0. What is the highest common factor of u and 291?
97
Let t = 7 + 73. Let i = -71 + t. What is the greatest common factor of i and 54?
9
Let x(u) = -u**2 + 6*u + 9. Let h be x(7). Let y = -5893 - -6179. Suppose -y = -4*k - h*w, -3*k + 146 = -k - 2*w. What is the greatest common factor of k and 8?
8
Let y be ((-13 - -7) + -59)*((-44)/(-20) - 3). Calculate the greatest common divisor of 1028 and y.
4
Let c be ((-6)/5)/((-36)/270). Let f(y) = -y**3 - y**2 - 2*y + 3. Let t be f(-3). Calculate the highest common factor of c and t.
9
Suppose -6*a - 24*a - 15*a = -180. Calculate the highest common divisor of a and 318.
2
Let f = 220 + -218. Let o be (350/(-150))/(((-2)/f)/66). Calculate the highest common factor of 28 and o.
14
Suppose -3*h + 3867 = 3*f, -h - 16 + 1323 = -2*f. What is the greatest common factor of 315 and h?
35
Suppose 3573 = 3*q + 438. Let g(m) = -120*m + 4855. Let v be g(40). What is the highest common factor of q and v?
55
Let g = 2755 + -2711. Let c be (9/6)/(12/2288). Calculate the highest common divisor of g and c.
22
Let i = 77 + -72. Let y(s) = 3*s**3 - 14*s**2 - 7*s + 12. Let f be y(i). Calculate the greatest common divisor of 50 and f.
2
Let n = 136 - 140. Let d be n - 52/(-14) - 764/(-28). What is the greatest common divisor of 270 and d?
27
Suppose 0 = -c + 1, 3*f = -53*c + 50*c + 6. Suppose 9 = -4*v + v. Let y = f - v. Calculate the greatest common divisor of 16 and y.
4
Let l = 42 - 39. Let b be 0 - (l + 1) - -8. Suppose -9*u - b = -220. Calculate the highest common divisor of u and 36.
12
Let x = 7329 - 4386. What is the greatest common factor of 81 and x?
27
Let a(m) = -203*m**2 - 11*m + 14. Let x be a(2). Suppose -3*l + r = 31, -r - 11 - 8 = 2*l. Let q be x/(-50) + 4/l. What is the highest common factor of 4 and q?
4
Let h = 30967 + -30887. Calculate the greatest common divisor of 1264 and h.
16
Suppose 0 = 2*j - m - 342, 11*j - 11*m - 1855 = -12*m. What is the greatest common factor of 208 and j?
13
Let n(u) be the second derivative of 30*u + 0 - 17*u**2 - 5/6*u**3. Let y be n(-18). What is the greatest common divisor of y and 8?
8
Suppose 0 = 5*g + 35 - 40. Let t = g - -55. What is the greatest common factor of 42 and t?
14
Let g = 1946 + -1746. Calculate the highest common divisor of g and 620.
20
Let s be ((-18)/(-8))/((-15)/(-20)). Suppose 0 = 2*o - s*u - 108, 0*o + 5*u = -5*o + 270. Let f = o - 36. Calculate the greatest common divisor of f and 2.
2
Let x = -787 + 828. Let t(s) = -s**3 + 8*s**2 - 5*s - 9. Let h be t(5). Calculate the greatest common factor of h and x.
41
Suppose 320 = -559*t + 575*t. What is the highest common divisor of t and 430?
10
Suppose -186*p - 3496 = -232*p. What is the greatest common divisor of 513 and p?
19
Suppose 5*o - 20 = -0*o. Suppose 3*x - 151 - 320 = 0. Let r = 201 - x. What is the highest common divisor of o and r?
4
Suppose -g + 92 = p + 17, -10 = -2*g. Calculate the highest common divisor of 9485 and p.
35
Let h = -285 + 987. Calculate the greatest common divisor of h and 180.
18
Let a(f) = 2*f**3 + 57*f**2 - 13*f + 56. Let x be a(-28). What is the highest common factor of 2236 and x?
172
Suppose 2*q + 26*q = -33*q + 189283. Calculate the highest common divisor of q and 58.
29
Let y(i) = -i**3 - 13*i**2 - 24*i - 20. Let n be y(-11). Let g be (-16)/n*(-51)/68. What is the highest common factor of 258 and g?
6
Suppose -3*d = -5*g + 1907 + 3673, g - 3*d = 1128. What is the highest common divisor of g and 336?
21
Suppose -4*q + 0*d - 4*d + 224 = 0, 2*d - 60 = -q. Suppose j + 49 = q. Suppose j = -8*u + 19. What is the greatest common divisor of 26 and u?
2
Let z be (-8)/(-3) - 3*2/9. Suppose 3*b + 3*g - 444 = 0, z*b - 5*g - 246 = 43. Calculate the greatest common divisor of 21 and b.
21
Suppose 14*u = -3*u - 2*u + 6327. Calculate the greatest common divisor of 6105 and u.
111
Let j = 4939 - 4927. Let h = -221 + 317. Suppose -a + h = -0*a. What is the highest common divisor of j and a?
12
Let i(h) = -h**3 + 2*h**2 + 7*h + 2. Let n be i(0). Suppose 2*p - 61 = -z - 4*z, 5*p - 142 = -n*z. Calculate the highest common factor of 896 and p.
28
Suppose -84*g + 4392 = 38*g. Calculate the highest common divisor of 4476 and g.
12
Let h = 177 + -72. Suppose 85*i - h = 80*i. Let d be 2/3*252*1. What is the highest common divisor of d and i?
21
Suppose -272 = 3*a - 2*y, 3*a + 157 = -2*y - 135. Let z = a + 115. Calculate the highest common factor of 6 and z.
3
Suppose 4*d + 14*w = 920, 3*d - w - 281 = 409. Calculate the highest common divisor of d and 3427.
23
Let b be ((-4)/6)/(48/72). Let y be (b + (-2 - -13))/(4/16). What is the greatest common factor of 10 and y?
10
Let u(p) = 12*p - 57. Let a be u(5). Suppose a*x = 18*x - 210. Calculate the highest common factor of x and 2.
2
Suppose i + 96 = 87. Let b be (6 - 2)/(i/6 + 2). Suppose -b*t + 102 + 98 = 0. Calculate the greatest common divisor of t and 75.
25
Let z(m) = -m**2 - 44*m + 33. Let b be z(-24). What is the highest common divisor of 351 and b?
27
Suppose -3*i + 3*g = -3, -5*i + 7 = -5*g + 2*g. Suppose 3*x - 225 = -i*x. Let j be 15*4/(-2)*(-270)/20. What is the greatest common factor of x and j?
45
Let n(f) = 6*f**2 + 20*f - 32. Let z be n(10). Suppose -4*b - z = -t, b - 1536 = -8*t + 6*t. Calculate the greatest common factor of t and 12.
12
Suppose 58*c - 56*c = 10. Suppose 0 = -7*s - c*s + 576. What is the greatest common diviso